{"id":5906,"date":"2025-10-24T13:56:26","date_gmt":"2025-10-24T11:56:26","guid":{"rendered":"https:\/\/comiteesceniques.org\/?post_type=tribe_events&#038;p=5906"},"modified":"2025-10-24T13:56:26","modified_gmt":"2025-10-24T11:56:26","slug":"inscripcio-29o-premis-max","status":"publish","type":"tribe_events","link":"https:\/\/comiteesceniques.org\/es\/event\/inscripcio-29o-premis-max\/","title":{"rendered":"INSCRIPCI\u00d3 29\u00ba PREMIS MAX"},"content":{"rendered":"<h1>Els 29\u00b0 Premis Max obrin el seu per\u00edode d&#8217;inscripci\u00f3.<\/h1>\n<blockquote><p>Convocat\u00f2ria oberta fins al 21 de novembre de 2025.<\/p><\/blockquote>\n<p>Els 29\u00b0 Premis Max obrin el seu per\u00edode d&#8217;inscripci\u00f3.<br \/>\nPer a tots els espectacles i els seus professionals estrenats o en gira des del 16 de desembre de 2024 al 15 de desembre de 2025.<\/p>\n<p>S&#8217;incorporen dues noves categories: Millor elenc de teatre i de dansa.<\/p>\n<p>La gala de lliurament ser\u00e0 l&#8217;1 de juny en el Teatre Rom\u00e0 de M\u00e8rida.<\/p>\n<p>El Comit\u00e9 Organitzador dels Premis Max anuncia l&#8217;arrancada de la 29\u00b0 edici\u00f3 dels Premis Max de les Arts Esc\u00e8niques amb l&#8217;obertura del per\u00edode d&#8217;inscripci\u00f3 d&#8217;espectacles estrenats o en gira des del 16 de desembre de 2024 al 15 de desembre de 2025 i dels professionals que els han realitzats en els seus diferents aspectes art\u00edstics i t\u00e8cnics.<\/p>\n<h3>Les produccions que vulguen participar podran inscriure la seua candidatura fins a les 23.30h del 21 de novembre de 2025, a trav\u00e9s de la p\u00e0gina web oficial.<\/h3>\n<p>\u00danicament es consideraran les obres o espectacles realitzats per companyies professionals.<\/p>\n<p>TOTA LA INFORMACI\u00d3 <a href=\"https:\/\/www.premiosmax.com\/prensa\/421\/los-29o-premios-max-abren-su-periodo-de-inscripcion\/\" target=\"_blank\" rel=\"noopener\">AC\u00cd<\/a>.<\/p>\n","protected":false},"excerpt":{"rendered":"<p>Els 29\u00b0 Premis Max obrin el seu per\u00edode d&#8217;inscripci\u00f3. Convocat\u00f2ria oberta fins al 21 de novembre de 2025. Els 29\u00b0 Premis Max obrin el seu per\u00edode d&#8217;inscripci\u00f3. Per a tots [&hellip;]<\/p>\n","protected":false},"author":5,"featured_media":5907,"template":"","meta":{"_acf_changed":false,"_et_pb_use_builder":"","_et_pb_old_content":"","_et_gb_content_width":"","_tribe_events_status":"","_tribe_events_status_reason":"","footnotes":""},"tags":[935,128,938,162,119,937,936,227,224,226],"tribe_events_cat":[81],"class_list":["post-5906","tribe_events","type-tribe_events","status-publish","has-post-thumbnail","hentry","tag-935","tag-artes-escenicas-2","tag-candidatura-2","tag-comite","tag-convocatoria","tag-elenco","tag-merida","tag-premios","tag-premios-max","tag-sgae","tribe_events_cat-convocatories","cat_convocatories"],"acf":[],"_links":{"self":[{"href":"https:\/\/comiteesceniques.org\/es\/wp-json\/wp\/v2\/tribe_events\/5906","targetHints":{"allow":["GET"]}}],"collection":[{"href":"https:\/\/comiteesceniques.org\/es\/wp-json\/wp\/v2\/tribe_events"}],"about":[{"href":"https:\/\/comiteesceniques.org\/es\/wp-json\/wp\/v2\/types\/tribe_events"}],"author":[{"embeddable":true,"href":"https:\/\/comiteesceniques.org\/es\/wp-json\/wp\/v2\/users\/5"}],"version-history":[{"count":1,"href":"https:\/\/comiteesceniques.org\/es\/wp-json\/wp\/v2\/tribe_events\/5906\/revisions"}],"predecessor-version":[{"id":5909,"href":"https:\/\/comiteesceniques.org\/es\/wp-json\/wp\/v2\/tribe_events\/5906\/revisions\/5909"}],"wp:featuredmedia":[{"embeddable":true,"href":"https:\/\/comiteesceniques.org\/es\/wp-json\/wp\/v2\/media\/5907"}],"wp:attachment":[{"href":"https:\/\/comiteesceniques.org\/es\/wp-json\/wp\/v2\/media?parent=5906"}],"wp:term":[{"taxonomy":"post_tag","embeddable":true,"href":"https:\/\/comiteesceniques.org\/es\/wp-json\/wp\/v2\/tags?post=5906"},{"taxonomy":"tribe_events_cat","embeddable":true,"href":"https:\/\/comiteesceniques.org\/es\/wp-json\/wp\/v2\/tribe_events_cat?post=5906"}],"curies":[{"name":"wp","href":"https:\/\/api.w.org\/{rel}","templated":true}]}}

INSCRIPCIÓ 29º PREMIS MAX

<h1>Els 29° Premis Max obrin el seu període d&#8217;inscripció.</h1>
<blockquote><p>Convocatòria oberta fins al 21 de novembre de 2025.</p></blockquote>
<p>Els 29° Premis Max obrin el seu període d&#8217;inscripció.<br />
Per a tots els espectacles i els seus professionals estrenats o en gira des del 16 de desembre de 2024 al 15 de desembre de 2025.</p>
<p>S&#8217;incorporen dues noves categories: Millor elenc de teatre i de dansa.</p>
<p>La gala de lliurament serà l&#8217;1 de juny en el Teatre Romà de Mèrida.</p>
<p>El Comité Organitzador dels Premis Max anuncia l&#8217;arrancada de la 29° edició dels Premis Max de les Arts Escèniques amb l&#8217;obertura del període d&#8217;inscripció d&#8217;espectacles estrenats o en gira des del 16 de desembre de 2024 al 15 de desembre de 2025 i dels professionals que els han realitzats en els seus diferents aspectes artístics i tècnics.</p>
<h3>Les produccions que vulguen participar podran inscriure la seua candidatura fins a les 23.30h del 21 de novembre de 2025, a través de la pàgina web oficial.</h3>
<p>Únicament es consideraran les obres o espectacles realitzats per companyies professionals.</p>
<p>TOTA LA INFORMACIÓ <a href="https://www.premiosmax.com/prensa/421/los-29o-premios-max-abren-su-periodo-de-inscripcion/" target="_blank" rel="noopener">ACÍ</a>.</p>

<p>Els 29° Premis Max obrin el seu període d&#8217;inscripció. Convocatòria oberta fins al 21 de novembre de 2025. Els 29° Premis Max obrin el seu període d&#8217;inscripció. Per a tots [&hellip;]</p>
