{"id":5837,"date":"2025-09-05T16:46:22","date_gmt":"2025-09-05T14:46:22","guid":{"rendered":"https:\/\/comiteesceniques.org\/?post_type=tribe_events&#038;p=5837"},"modified":"2025-09-05T16:46:22","modified_gmt":"2025-09-05T14:46:22","slug":"convocatoria-festival-xalar-a-lalt-maestrat-2026","status":"publish","type":"tribe_events","link":"https:\/\/comiteesceniques.org\/es\/event\/convocatoria-festival-xalar-a-lalt-maestrat-2026\/","title":{"rendered":"Convocat\u00f2ria Festival Xalar a l&#8217;Alt Maestrat 2026"},"content":{"rendered":"<h1>Convocat\u00f2ria Festival Xalar a l&#8217;Alt Maestrat 2026<\/h1>\n<p>Festival Xalar obri convocat\u00f2ria d&#8217;exhibici\u00f3 per a artistes i companyies que desitgin participar en la <b>IV<span style=\"color: #000000;\">\u00a0edici\u00f3 del Festival Xalar a l&#8217;Alt Maestrat: II Festival d&#8217;arts esc\u00e8niques participat per gent jove,<\/span><\/b>\u00a0que se celebrar\u00e0 en diferents pobles de la comarca els dies\u00a0<b>8, 9 i 10 de maig del 2026.<\/b><\/p>\n<p>Xalar \u00e9s un festival participat per joves: aix\u00f2 vol dir que les decisions sobre la programaci\u00f3, el disseny del festival o les activitats complement\u00e0ries seran preses per joves voluntaris de la comarca (14-30 anys) a trav\u00e9s d&#8217;un proc\u00e9s de mediaci\u00f3.<\/p>\n<p>La convocat\u00f2ria est\u00e0 oberta als diferents llenguatges i disciplines d&#8217;arts esc\u00e8niques: circ, teatre, dansa, mon\u00f2legs, clown, teatre de carrer&#8230;<\/p>\n<p>Teniu les bases completes de la convocat\u00f2ria en aquest enlla\u00e7:<\/p>\n<div><a href=\"https:\/\/www.festivalxalar.com\/_files\/ugd\/3707c7_8449dfc89bac4dd0ba197e1651377288.pdf\" target=\"_blank\" rel=\"noopener\" data-saferedirecturl=\"https:\/\/www.google.com\/url?q=https:\/\/www.festivalxalar.com\/_files\/ugd\/3707c7_8449dfc89bac4dd0ba197e1651377288.pdf&amp;source=gmail&amp;ust=1757168596608000&amp;usg=AOvVaw2R8ECUOI5Atpu0ot1fI8_v\">https:\/\/www.festivalxalar.com\/<wbr \/>_files\/ugd\/3707c7_<wbr \/>8449dfc89bac4dd0ba197e16513772<wbr \/>88.pdf<\/a><\/p>\n<p>Us animem a enviar-nos les vostres propostes d&#8217;espectacles a trav\u00e9s del nostre formulari:\u00a0<a href=\"https:\/\/forms.gle\/Cxu94ftmtM1JvRxTA\" target=\"_blank\" rel=\"noopener\" data-saferedirecturl=\"https:\/\/www.google.com\/url?q=https:\/\/forms.gle\/Cxu94ftmtM1JvRxTA&amp;source=gmail&amp;ust=1757168596609000&amp;usg=AOvVaw0e2HHqdApoSw_TOX_LBJTS\">https:\/\/forms.gle\/<wbr \/>Cxu94ftmtM1JvRxTA<\/a><\/p>\n<\/div>\n<div><\/div>\n<blockquote>\n<div>La\u00a0<b>data l\u00edmit<\/b>\u00a0de recepci\u00f3 de propostes \u00e9s el\u00a0<b>21 de setembre a\u00a0les\u00a023:59h.<\/b><\/div>\n<\/blockquote>\n","protected":false},"excerpt":{"rendered":"<p>Convocat\u00f2ria Festival Xalar a l&#8217;Alt Maestrat 2026 Festival Xalar obri convocat\u00f2ria d&#8217;exhibici\u00f3 per a artistes i companyies que desitgin participar en la IV\u00a0edici\u00f3 del Festival Xalar a l&#8217;Alt Maestrat: II [&hellip;]<\/p>\n","protected":false},"author":5,"featured_media":4249,"template":"","meta":{"_acf_changed":false,"_et_pb_use_builder":"","_et_pb_old_content":"","_et_gb_content_width":"","_tribe_events_status":"","_tribe_events_status_reason":"","footnotes":""},"tags":[295,98,232,821,149,331,162,121,186,134,824,822,104,823,293],"tribe_events_cat":[81],"class_list":["post-5837","tribe_events","type-tribe_events","status-publish","has-post-thumbnail","hentry","tag-alt-maestrat","tag-arts-esceniques","tag-arts-vives","tag-bases","tag-circ","tag-clown","tag-comite","tag-dansa","tag-festival","tag-joves","tag-mediacio","tag-monolegs","tag-teatre","tag-teatre-de-carrer","tag-xalar","tribe_events_cat-convocatories","cat_convocatories"],"acf":[],"_links":{"self":[{"href":"https:\/\/comiteesceniques.org\/es\/wp-json\/wp\/v2\/tribe_events\/5837","targetHints":{"allow":["GET"]}}],"collection":[{"href":"https:\/\/comiteesceniques.org\/es\/wp-json\/wp\/v2\/tribe_events"}],"about":[{"href":"https:\/\/comiteesceniques.org\/es\/wp-json\/wp\/v2\/types\/tribe_events"}],"author":[{"embeddable":true,"href":"https:\/\/comiteesceniques.org\/es\/wp-json\/wp\/v2\/users\/5"}],"version-history":[{"count":2,"href":"https:\/\/comiteesceniques.org\/es\/wp-json\/wp\/v2\/tribe_events\/5837\/revisions"}],"predecessor-version":[{"id":5839,"href":"https:\/\/comiteesceniques.org\/es\/wp-json\/wp\/v2\/tribe_events\/5837\/revisions\/5839"}],"wp:featuredmedia":[{"embeddable":true,"href":"https:\/\/comiteesceniques.org\/es\/wp-json\/wp\/v2\/media\/4249"}],"wp:attachment":[{"href":"https:\/\/comiteesceniques.org\/es\/wp-json\/wp\/v2\/media?parent=5837"}],"wp:term":[{"taxonomy":"post_tag","embeddable":true,"href":"https:\/\/comiteesceniques.org\/es\/wp-json\/wp\/v2\/tags?post=5837"},{"taxonomy":"tribe_events_cat","embeddable":true,"href":"https:\/\/comiteesceniques.org\/es\/wp-json\/wp\/v2\/tribe_events_cat?post=5837"}],"curies":[{"name":"wp","href":"https:\/\/api.w.org\/{rel}","templated":true}]}}

Convocatòria Festival Xalar a l&#8217;Alt Maestrat 2026

<h1>Convocatòria Festival Xalar a l&#8217;Alt Maestrat 2026</h1>
<p>Festival Xalar obri convocatòria d&#8217;exhibició per a artistes i companyies que desitgin participar en la <b>IV<span style="color: #000000;"> edició del Festival Xalar a l&#8217;Alt Maestrat: II Festival d&#8217;arts escèniques participat per gent jove,</span></b> que se celebrarà en diferents pobles de la comarca els dies <b>8, 9 i 10 de maig del 2026.</b></p>
<p>Xalar és un festival participat per joves: això vol dir que les decisions sobre la programació, el disseny del festival o les activitats complementàries seran preses per joves voluntaris de la comarca (14-30 anys) a través d&#8217;un procés de mediació.</p>
<p>La convocatòria està oberta als diferents llenguatges i disciplines d&#8217;arts escèniques: circ, teatre, dansa, monòlegs, clown, teatre de carrer&#8230;</p>
<p>Teniu les bases completes de la convocatòria en aquest enllaç:</p>
<div><a href="https://www.festivalxalar.com/_files/ugd/3707c7_8449dfc89bac4dd0ba197e1651377288.pdf" target="_blank" rel="noopener" data-saferedirecturl="https://www.google.com/url?q=https://www.festivalxalar.com/_files/ugd/3707c7_8449dfc89bac4dd0ba197e1651377288.pdf&amp;source=gmail&amp;ust=1757168596608000&amp;usg=AOvVaw2R8ECUOI5Atpu0ot1fI8_v">https://www.festivalxalar.com/<wbr />_files/ugd/3707c7_<wbr />8449dfc89bac4dd0ba197e16513772<wbr />88.pdf</a></p>
<p>Us animem a enviar-nos les vostres propostes d&#8217;espectacles a través del nostre formulari: <a href="https://forms.gle/Cxu94ftmtM1JvRxTA" target="_blank" rel="noopener" data-saferedirecturl="https://www.google.com/url?q=https://forms.gle/Cxu94ftmtM1JvRxTA&amp;source=gmail&amp;ust=1757168596609000&amp;usg=AOvVaw0e2HHqdApoSw_TOX_LBJTS">https://forms.gle/<wbr />Cxu94ftmtM1JvRxTA</a></p>
</div>
<div></div>
<blockquote>
<div>La <b>data límit</b> de recepció de propostes és el <b>21 de setembre a les 23:59h.</b></div>
</blockquote>

<p>Convocatòria Festival Xalar a l&#8217;Alt Maestrat 2026 Festival Xalar obri convocatòria d&#8217;exhibició per a artistes i companyies que desitgin participar en la IV edició del Festival Xalar a l&#8217;Alt Maestrat: II [&hellip;]</p>
