{"id":5741,"date":"2025-07-31T13:15:07","date_gmt":"2025-07-31T11:15:07","guid":{"rendered":"https:\/\/comiteesceniques.org\/?post_type=tribe_events&#038;p=5741"},"modified":"2025-07-31T13:15:07","modified_gmt":"2025-07-31T11:15:07","slug":"audicio-produccio-teatre-classic-del-segle-dor-espanyol-ivc","status":"publish","type":"tribe_events","link":"https:\/\/comiteesceniques.org\/es\/event\/audicio-produccio-teatre-classic-del-segle-dor-espanyol-ivc\/","title":{"rendered":"AUDICI\u00d3 PRODUCCI\u00d3 TEATRE CL\u00c0SSIC DEL SEGLE D&#8217;OR ESPANYOL, IVC"},"content":{"rendered":"<h1>AUDICI\u00d3 PRODUCCI\u00d3 TEATRE CL\u00c0SSIC DEL SEGLE D&#8217;OR ESPANYOL<\/h1>\n<p>Nova producci\u00f3 teatral de l&#8217;Institut Valenci\u00e0 de Cultura Arts Esc\u00e8niques, dirigida per Jorge Pic\u00f3.<br \/>\nT\u00e9 previstos els assaigs del 17 de novembre de 2025 al 21 de gener de 2026. Amb funcions al Teatre Principal de Val\u00e8ncia del 22 de gener al 8 de febrer de 2026 i funcions al Teatre Principal de Castell\u00f3 (dates per determinar).<br \/>\nEs far\u00e0 una primera selecci\u00f3 de repartiment per als actors i actrius que no dobleguen personatge. I una segona selecci\u00f3 per als actors i actrius que han de doblar personatge, la convocat\u00f2ria del qual es publicar\u00e0 m\u00e9s endavant.<\/p>\n<p>Candidatures fins el 18 d&#8217;agost de 2025.<\/p>\n<p>M\u00e9s info <a href=\"https:\/\/ivc.gva.es\/es\/ivc\/noticias-ivc\/audicion-produccion-teatro-clasico-del-siglo-de-oro-espanol\" target=\"_blank\" rel=\"noopener\">ac\u00ed<\/a>.<\/p>\n","protected":false},"excerpt":{"rendered":"<p>AUDICI\u00d3 PRODUCCI\u00d3 TEATRE CL\u00c0SSIC DEL SEGLE D&#8217;OR ESPANYOL Nova producci\u00f3 teatral de l&#8217;Institut Valenci\u00e0 de Cultura Arts Esc\u00e8niques, dirigida per Jorge Pic\u00f3. T\u00e9 previstos els assaigs del 17 de novembre [&hellip;]<\/p>\n","protected":false},"author":5,"featured_media":5649,"template":"","meta":{"_acf_changed":false,"_et_pb_use_builder":"","_et_pb_old_content":"","_et_gb_content_width":"","_tribe_events_status":"","_tribe_events_status_reason":"","footnotes":""},"tags":[763,764,98,376,375,162,96,306,762,761,765],"tribe_events_cat":[81],"class_list":["post-5741","tribe_events","type-tribe_events","status-publish","has-post-thumbnail","hentry","tag-actors","tag-actrius","tag-arts-esceniques","tag-audicio","tag-casting","tag-comite","tag-institut-valencia-de-cultura","tag-ivc","tag-jorge-pico","tag-siglo-de-oro","tag-vers","tribe_events_cat-convocatories","cat_convocatories"],"acf":[],"_links":{"self":[{"href":"https:\/\/comiteesceniques.org\/es\/wp-json\/wp\/v2\/tribe_events\/5741","targetHints":{"allow":["GET"]}}],"collection":[{"href":"https:\/\/comiteesceniques.org\/es\/wp-json\/wp\/v2\/tribe_events"}],"about":[{"href":"https:\/\/comiteesceniques.org\/es\/wp-json\/wp\/v2\/types\/tribe_events"}],"author":[{"embeddable":true,"href":"https:\/\/comiteesceniques.org\/es\/wp-json\/wp\/v2\/users\/5"}],"version-history":[{"count":2,"href":"https:\/\/comiteesceniques.org\/es\/wp-json\/wp\/v2\/tribe_events\/5741\/revisions"}],"predecessor-version":[{"id":5743,"href":"https:\/\/comiteesceniques.org\/es\/wp-json\/wp\/v2\/tribe_events\/5741\/revisions\/5743"}],"wp:featuredmedia":[{"embeddable":true,"href":"https:\/\/comiteesceniques.org\/es\/wp-json\/wp\/v2\/media\/5649"}],"wp:attachment":[{"href":"https:\/\/comiteesceniques.org\/es\/wp-json\/wp\/v2\/media?parent=5741"}],"wp:term":[{"taxonomy":"post_tag","embeddable":true,"href":"https:\/\/comiteesceniques.org\/es\/wp-json\/wp\/v2\/tags?post=5741"},{"taxonomy":"tribe_events_cat","embeddable":true,"href":"https:\/\/comiteesceniques.org\/es\/wp-json\/wp\/v2\/tribe_events_cat?post=5741"}],"curies":[{"name":"wp","href":"https:\/\/api.w.org\/{rel}","templated":true}]}}

AUDICIÓ PRODUCCIÓ TEATRE CLÀSSIC DEL SEGLE D&#8217;OR ESPANYOL, IVC

<h1>AUDICIÓ PRODUCCIÓ TEATRE CLÀSSIC DEL SEGLE D&#8217;OR ESPANYOL</h1>
<p>Nova producció teatral de l&#8217;Institut Valencià de Cultura Arts Escèniques, dirigida per Jorge Picó.<br />
Té previstos els assaigs del 17 de novembre de 2025 al 21 de gener de 2026. Amb funcions al Teatre Principal de València del 22 de gener al 8 de febrer de 2026 i funcions al Teatre Principal de Castelló (dates per determinar).<br />
Es farà una primera selecció de repartiment per als actors i actrius que no dobleguen personatge. I una segona selecció per als actors i actrius que han de doblar personatge, la convocatòria del qual es publicarà més endavant.</p>
<p>Candidatures fins el 18 d&#8217;agost de 2025.</p>
<p>Més info <a href="https://ivc.gva.es/es/ivc/noticias-ivc/audicion-produccion-teatro-clasico-del-siglo-de-oro-espanol" target="_blank" rel="noopener">ací</a>.</p>

<p>AUDICIÓ PRODUCCIÓ TEATRE CLÀSSIC DEL SEGLE D&#8217;OR ESPANYOL Nova producció teatral de l&#8217;Institut Valencià de Cultura Arts Escèniques, dirigida per Jorge Picó. Té previstos els assaigs del 17 de novembre [&hellip;]</p>
