{"id":5725,"date":"2025-07-31T12:54:42","date_gmt":"2025-07-31T10:54:42","guid":{"rendered":"https:\/\/comiteesceniques.org\/?post_type=tribe_events&#038;p=5725"},"modified":"2025-07-31T12:54:42","modified_gmt":"2025-07-31T10:54:42","slug":"laczos-artisticos","status":"publish","type":"tribe_events","link":"https:\/\/comiteesceniques.org\/es\/event\/laczos-artisticos\/","title":{"rendered":"La\u00e7zos Art\u00edsticos"},"content":{"rendered":"<h1 class=\"text-4xl-regular\">La\u00e7zos Art\u00edsticos<\/h1>\n<p>La\u00e7zos Art\u00edsticos es un\u00a0<b>programa de movilidad internacional para artistas<\/b>, promovido por la\u00a0<b>Organizaci\u00f3n de Estados Iberoamericanos para la Educaci\u00f3n, la Ciencia y la Cultura<\/b>\u00a0(OEI) y por la\u00a0<b>Dire\u00e7\u00e3o-Geral das Artes de Portugal\u00a0<\/b>(DGARTES).<\/p>\n<p>En el marco de su labor de promoci\u00f3n de la cultura, la OEI y la DGARTES se han unido para poner en marcha este nuevo programa de becas de intercambio y perfeccionamiento art\u00edstico en los\u00a0<b>espacios geogr\u00e1ficos de Iberoam\u00e9rica y la CPLP<\/b>, con el objetivo de promover y valorizar el intercambio art\u00edstico, sin olvidar la importancia del apoyo a la internacionalizaci\u00f3n.<\/p>\n<p>Promoci\u00f3n de la circulaci\u00f3n de proyectos art\u00edsticos inscritos por ciudadanos y ciudadanas de Iberoam\u00e9rica y de los pa\u00edses que tienen el portugu\u00e9s como lengua oficial, en esos espacios regionales.<\/p>\n<p>La concesi\u00f3n de la beca DGARTES-OEI prev\u00e9 el\u00a0<b>desarrollo de nuevos lenguajes art\u00edsticos<\/b>, de los territorios, del conocimiento y de las competencias art\u00edsticas y t\u00e9cnicas. Adem\u00e1s, ser\u00e1\u00a0<b>un veh\u00edculo para el intercambio de conocimientos, la formaci\u00f3n de p\u00fablicos, el lanzamiento de artistas<\/b>, obras y la g\u00e9nesis y el desarrollo de redes de trabajo que perduren, ya sea en el pa\u00eds o pa\u00edses de destino, ya sea en el pa\u00eds de residencia.<\/p>\n","protected":false},"excerpt":{"rendered":"<p>La\u00e7zos Art\u00edsticos La\u00e7zos Art\u00edsticos es un\u00a0programa de movilidad internacional para artistas, promovido por la\u00a0Organizaci\u00f3n de Estados Iberoamericanos para la Educaci\u00f3n, la Ciencia y la Cultura\u00a0(OEI) y por la\u00a0Dire\u00e7\u00e3o-Geral das Artes [&hellip;]<\/p>\n","protected":false},"author":5,"featured_media":5726,"template":"","meta":{"_acf_changed":false,"_et_pb_use_builder":"","_et_pb_old_content":"","_et_gb_content_width":"","_tribe_events_status":"","_tribe_events_status_reason":"","footnotes":""},"tags":[745,98,208,162,119,746,744,655],"tribe_events_cat":[81],"class_list":["post-5725","tribe_events","type-tribe_events","status-publish","has-post-thumbnail","hentry","tag-apply","tag-arts-esceniques","tag-beca","tag-comite","tag-convocatoria","tag-interdisciplinar","tag-laczos","tag-portugal","tribe_events_cat-convocatories","cat_convocatories"],"acf":[],"_links":{"self":[{"href":"https:\/\/comiteesceniques.org\/es\/wp-json\/wp\/v2\/tribe_events\/5725","targetHints":{"allow":["GET"]}}],"collection":[{"href":"https:\/\/comiteesceniques.org\/es\/wp-json\/wp\/v2\/tribe_events"}],"about":[{"href":"https:\/\/comiteesceniques.org\/es\/wp-json\/wp\/v2\/types\/tribe_events"}],"author":[{"embeddable":true,"href":"https:\/\/comiteesceniques.org\/es\/wp-json\/wp\/v2\/users\/5"}],"version-history":[{"count":1,"href":"https:\/\/comiteesceniques.org\/es\/wp-json\/wp\/v2\/tribe_events\/5725\/revisions"}],"predecessor-version":[{"id":5728,"href":"https:\/\/comiteesceniques.org\/es\/wp-json\/wp\/v2\/tribe_events\/5725\/revisions\/5728"}],"wp:featuredmedia":[{"embeddable":true,"href":"https:\/\/comiteesceniques.org\/es\/wp-json\/wp\/v2\/media\/5726"}],"wp:attachment":[{"href":"https:\/\/comiteesceniques.org\/es\/wp-json\/wp\/v2\/media?parent=5725"}],"wp:term":[{"taxonomy":"post_tag","embeddable":true,"href":"https:\/\/comiteesceniques.org\/es\/wp-json\/wp\/v2\/tags?post=5725"},{"taxonomy":"tribe_events_cat","embeddable":true,"href":"https:\/\/comiteesceniques.org\/es\/wp-json\/wp\/v2\/tribe_events_cat?post=5725"}],"curies":[{"name":"wp","href":"https:\/\/api.w.org\/{rel}","templated":true}]}}

Laçzos Artísticos

<h1 class="text-4xl-regular">Laçzos Artísticos</h1>
<p>Laçzos Artísticos es un <b>programa de movilidad internacional para artistas</b>, promovido por la <b>Organización de Estados Iberoamericanos para la Educación, la Ciencia y la Cultura</b> (OEI) y por la <b>Direção-Geral das Artes de Portugal </b>(DGARTES).</p>
<p>En el marco de su labor de promoción de la cultura, la OEI y la DGARTES se han unido para poner en marcha este nuevo programa de becas de intercambio y perfeccionamiento artístico en los <b>espacios geográficos de Iberoamérica y la CPLP</b>, con el objetivo de promover y valorizar el intercambio artístico, sin olvidar la importancia del apoyo a la internacionalización.</p>
<p>Promoción de la circulación de proyectos artísticos inscritos por ciudadanos y ciudadanas de Iberoamérica y de los países que tienen el portugués como lengua oficial, en esos espacios regionales.</p>
<p>La concesión de la beca DGARTES-OEI prevé el <b>desarrollo de nuevos lenguajes artísticos</b>, de los territorios, del conocimiento y de las competencias artísticas y técnicas. Además, será <b>un vehículo para el intercambio de conocimientos, la formación de públicos, el lanzamiento de artistas</b>, obras y la génesis y el desarrollo de redes de trabajo que perduren, ya sea en el país o países de destino, ya sea en el país de residencia.</p>

<p>Laçzos Artísticos Laçzos Artísticos es un programa de movilidad internacional para artistas, promovido por la Organización de Estados Iberoamericanos para la Educación, la Ciencia y la Cultura (OEI) y por la Direção-Geral das Artes [&hellip;]</p>
