{"id":5505,"date":"2025-06-17T17:00:22","date_gmt":"2025-06-17T15:00:22","guid":{"rendered":"https:\/\/comiteesceniques.org\/?post_type=tribe_events&#038;p=5505"},"modified":"2025-06-17T17:00:22","modified_gmt":"2025-06-17T15:00:22","slug":"convocatoria-projecte-daccio-de-complicitat-amb-el-barri-de-prosperitat","status":"publish","type":"tribe_events","link":"https:\/\/comiteesceniques.org\/es\/event\/convocatoria-projecte-daccio-de-complicitat-amb-el-barri-de-prosperitat\/","title":{"rendered":"Convocat\u00f2ria Projecte d&#8217;acci\u00f3 de complicitat amb el BARRI DE PROSPERITAT"},"content":{"rendered":"<h1>Convocat\u00f2ria Projecte d&#8217;acci\u00f3 de complicitat amb el BARRI DE PROSPERITAT (oberta del 16 al 29 de juny de 2025, tots dos inclusivament)<\/h1>\n<p>TEATRO PRADILLO obre la convocat\u00f2ria per a 1 CREADORA amb traject\u00f2ria en l&#8217;\u00e0mbit de les Arts Vivas (des d&#8217;investigaci\u00f3 dramat\u00fargica), que presente un projecte de LABORATORI DE CREACI\u00d3 a desplegar amb, des de i per a les habitants del Barri de Prosperitat. L&#8217;experi\u00e8ncia es desenvolupar\u00e0 durant tota la Temporada 2025 2026, els dimarts, en horari matut\u00ed i el resultat es compartir\u00e0 en obert a la fi de juny de 2026.<\/p>\n<p>Econ\u00f2micament, dins de la possibilitat de la seua estructura TEATRO PRADILLO ofereix un suport de 2.000,00 \u20ac (Base Imposable).<\/p>\n<p>La formaci\u00f3 dels LABORATORI DE CREACI\u00d3 de l&#8217;ESCOLA D&#8217;ARTS VIVES PRADILLO no es remunera de manera independent (a m\u00e9s del contemplat com a suport a l&#8217;exhibici\u00f3) ja que s\u00f3n gratu\u00efts per a les ALUMNES, que decideixen si cobrar o no entrada per a les Sessions obertes i, si \u00e9s el cas, el preu de les entrades. Si escau, sempre reparteixen el 100% (BI) de l&#8217;hipot\u00e8tic ingr\u00e9s entre les ALUMNES que participen i li&#8217;ls abonen en concepte de dietes de l&#8217;ASSOCIACI\u00d3 CULTURAL D&#8217;ARTS VIVES PRADILLO per haver format part de l&#8217;activitat.<\/p>\n<p>Tota la info <a href=\"https:\/\/www.teatropradillo.com\/home\/nosotros\/interesados-en-la-programacion\/convocatorias\/convocatoria-proyectos-barrio-prosperidad\/\" target=\"_blank\" rel=\"noopener\">ac\u00ed<\/a>.<\/p>\n","protected":false},"excerpt":{"rendered":"<p>Convocat\u00f2ria Projecte d&#8217;acci\u00f3 de complicitat amb el BARRI DE PROSPERITAT (oberta del 16 al 29 de juny de 2025, tots dos inclusivament) TEATRO PRADILLO obre la convocat\u00f2ria per a 1 [&hellip;]<\/p>\n","protected":false},"author":5,"featured_media":4123,"template":"","meta":{"_acf_changed":false,"_et_pb_use_builder":"","_et_pb_old_content":"","_et_gb_content_width":"","_tribe_events_status":"","_tribe_events_status_reason":"","footnotes":""},"tags":[128,233,98,232,119,117,643,229],"tribe_events_cat":[81],"class_list":["post-5505","tribe_events","type-tribe_events","status-publish","has-post-thumbnail","hentry","tag-artes-escenicas-2","tag-artes-vivas","tag-arts-esceniques","tag-arts-vives","tag-convocatoria","tag-madrid","tag-prosperidad","tag-teatro-pradillo","tribe_events_cat-convocatories","cat_convocatories"],"acf":[],"_links":{"self":[{"href":"https:\/\/comiteesceniques.org\/es\/wp-json\/wp\/v2\/tribe_events\/5505","targetHints":{"allow":["GET"]}}],"collection":[{"href":"https:\/\/comiteesceniques.org\/es\/wp-json\/wp\/v2\/tribe_events"}],"about":[{"href":"https:\/\/comiteesceniques.org\/es\/wp-json\/wp\/v2\/types\/tribe_events"}],"author":[{"embeddable":true,"href":"https:\/\/comiteesceniques.org\/es\/wp-json\/wp\/v2\/users\/5"}],"version-history":[{"count":2,"href":"https:\/\/comiteesceniques.org\/es\/wp-json\/wp\/v2\/tribe_events\/5505\/revisions"}],"predecessor-version":[{"id":5507,"href":"https:\/\/comiteesceniques.org\/es\/wp-json\/wp\/v2\/tribe_events\/5505\/revisions\/5507"}],"wp:featuredmedia":[{"embeddable":true,"href":"https:\/\/comiteesceniques.org\/es\/wp-json\/wp\/v2\/media\/4123"}],"wp:attachment":[{"href":"https:\/\/comiteesceniques.org\/es\/wp-json\/wp\/v2\/media?parent=5505"}],"wp:term":[{"taxonomy":"post_tag","embeddable":true,"href":"https:\/\/comiteesceniques.org\/es\/wp-json\/wp\/v2\/tags?post=5505"},{"taxonomy":"tribe_events_cat","embeddable":true,"href":"https:\/\/comiteesceniques.org\/es\/wp-json\/wp\/v2\/tribe_events_cat?post=5505"}],"curies":[{"name":"wp","href":"https:\/\/api.w.org\/{rel}","templated":true}]}}

Convocatòria Projecte d&#8217;acció de complicitat amb el BARRI DE PROSPERITAT

<h1>Convocatòria Projecte d&#8217;acció de complicitat amb el BARRI DE PROSPERITAT (oberta del 16 al 29 de juny de 2025, tots dos inclusivament)</h1>
<p>TEATRO PRADILLO obre la convocatòria per a 1 CREADORA amb trajectòria en l&#8217;àmbit de les Arts Vivas (des d&#8217;investigació dramatúrgica), que presente un projecte de LABORATORI DE CREACIÓ a desplegar amb, des de i per a les habitants del Barri de Prosperitat. L&#8217;experiència es desenvoluparà durant tota la Temporada 2025 2026, els dimarts, en horari matutí i el resultat es compartirà en obert a la fi de juny de 2026.</p>
<p>Econòmicament, dins de la possibilitat de la seua estructura TEATRO PRADILLO ofereix un suport de 2.000,00 € (Base Imposable).</p>
<p>La formació dels LABORATORI DE CREACIÓ de l&#8217;ESCOLA D&#8217;ARTS VIVES PRADILLO no es remunera de manera independent (a més del contemplat com a suport a l&#8217;exhibició) ja que són gratuïts per a les ALUMNES, que decideixen si cobrar o no entrada per a les Sessions obertes i, si és el cas, el preu de les entrades. Si escau, sempre reparteixen el 100% (BI) de l&#8217;hipotètic ingrés entre les ALUMNES que participen i li&#8217;ls abonen en concepte de dietes de l&#8217;ASSOCIACIÓ CULTURAL D&#8217;ARTS VIVES PRADILLO per haver format part de l&#8217;activitat.</p>
<p>Tota la info <a href="https://www.teatropradillo.com/home/nosotros/interesados-en-la-programacion/convocatorias/convocatoria-proyectos-barrio-prosperidad/" target="_blank" rel="noopener">ací</a>.</p>

<p>Convocatòria Projecte d&#8217;acció de complicitat amb el BARRI DE PROSPERITAT (oberta del 16 al 29 de juny de 2025, tots dos inclusivament) TEATRO PRADILLO obre la convocatòria per a 1 [&hellip;]</p>
