{"id":5423,"date":"2025-05-30T16:34:30","date_gmt":"2025-05-30T14:34:30","guid":{"rendered":"https:\/\/comiteesceniques.org\/?post_type=tribe_events&#038;p=5423"},"modified":"2025-05-30T16:34:30","modified_gmt":"2025-05-30T14:34:30","slug":"ajudes-destinades-a-projectes-culturals-amb-especial-impacte-social","status":"publish","type":"tribe_events","link":"https:\/\/comiteesceniques.org\/es\/event\/ajudes-destinades-a-projectes-culturals-amb-especial-impacte-social\/","title":{"rendered":"Ajudes destinades a projectes culturals amb especial impacte social"},"content":{"rendered":"<h1>Ajudes destinades a projectes culturals amb especial impacte social<\/h1>\n<p>Ajudes destinades al finan\u00e7ament de projectes culturals d&#8217;especial impacte social que busquen generar transformacions significatives en la societat a trav\u00e9s de la cultura. Podran ser benefici\u00e0ries les seg\u00fcents entitats:<\/p>\n<p>&#8211; Les persones jur\u00eddiques sense \u00e0nim de lucre, de nacionalitat espanyola, de qualsevol Estat membre de la Uni\u00f3 Europea o dels Estats signataris de l&#8217;Acord sobre l&#8217;Espai Econ\u00f2mic Europeu, amb resid\u00e8ncia fiscal a Espanya i que es troben legalment constitu\u00efdes a la data de finalitzaci\u00f3 del termini de presentaci\u00f3 de sol\u00b7licituds.<br \/>\n&#8211; Les persones jur\u00eddiques amb \u00e0nim de lucre, de nacionalitat espanyola, de qualsevol Estat membre de la Uni\u00f3 Europea o dels Estats signataris de l&#8217;Acord sobre l&#8217;Espai Econ\u00f2mic Europeu, amb resid\u00e8ncia fiscal a Espanya i que es troben legalment constitu\u00efdes a la data de finalitzaci\u00f3 del termini de presentaci\u00f3 de sol\u00b7licituds.<br \/>\nQueden excloses les persones f\u00edsiques, encara que estiguen inscrites en el R\u00e8gim Especial de Treballadors Aut\u00f2noms, les Administracions P\u00fabliques, els seus organismes aut\u00f2noms i altres ens p\u00fablics, aix\u00ed com les agrupacions d&#8217;inter\u00e9s econ\u00f2mic (A.I.E.), les comunitats de b\u00e9ns (C.B.) i les unions temporals d&#8217;empreses (O.T.E.).<\/p>\n<p>TERMINI DE PRESENTACI\u00d3: 09\/06\/25<\/p>\n<p>M\u00c9S INFORMACI\u00d3 <a href=\"https:\/\/www.cultura.gob.es\/servicios-al-ciudadano\/catalogo\/becas-ayudas-y-subvenciones\/ayudas-y-subvenciones\/derechos-culturales\/ayudas-proyectos-impacto-social.html\" target=\"_blank\" rel=\"noopener\">ac\u00ed<\/a>.<\/p>\n","protected":false},"excerpt":{"rendered":"<p>Ajudes destinades a projectes culturals amb especial impacte social Ajudes destinades al finan\u00e7ament de projectes culturals d&#8217;especial impacte social que busquen generar transformacions significatives en la societat a trav\u00e9s de [&hellip;]<\/p>\n","protected":false},"author":5,"featured_media":5424,"template":"","meta":{"_acf_changed":false,"_et_pb_use_builder":"","_et_pb_old_content":"","_et_gb_content_width":"","_tribe_events_status":"","_tribe_events_status_reason":"","footnotes":""},"tags":[98,593,283,162,147,591,590,592],"tribe_events_cat":[81],"class_list":["post-5423","tribe_events","type-tribe_events","status-publish","has-post-thumbnail","hentry","tag-arts-esceniques","tag-associacions","tag-ayudas","tag-comite","tag-cultura","tag-impacto-social","tag-ministerio","tag-proyectos-culturales","tribe_events_cat-convocatories","cat_convocatories"],"acf":[],"_links":{"self":[{"href":"https:\/\/comiteesceniques.org\/es\/wp-json\/wp\/v2\/tribe_events\/5423","targetHints":{"allow":["GET"]}}],"collection":[{"href":"https:\/\/comiteesceniques.org\/es\/wp-json\/wp\/v2\/tribe_events"}],"about":[{"href":"https:\/\/comiteesceniques.org\/es\/wp-json\/wp\/v2\/types\/tribe_events"}],"author":[{"embeddable":true,"href":"https:\/\/comiteesceniques.org\/es\/wp-json\/wp\/v2\/users\/5"}],"version-history":[{"count":1,"href":"https:\/\/comiteesceniques.org\/es\/wp-json\/wp\/v2\/tribe_events\/5423\/revisions"}],"predecessor-version":[{"id":5426,"href":"https:\/\/comiteesceniques.org\/es\/wp-json\/wp\/v2\/tribe_events\/5423\/revisions\/5426"}],"wp:featuredmedia":[{"embeddable":true,"href":"https:\/\/comiteesceniques.org\/es\/wp-json\/wp\/v2\/media\/5424"}],"wp:attachment":[{"href":"https:\/\/comiteesceniques.org\/es\/wp-json\/wp\/v2\/media?parent=5423"}],"wp:term":[{"taxonomy":"post_tag","embeddable":true,"href":"https:\/\/comiteesceniques.org\/es\/wp-json\/wp\/v2\/tags?post=5423"},{"taxonomy":"tribe_events_cat","embeddable":true,"href":"https:\/\/comiteesceniques.org\/es\/wp-json\/wp\/v2\/tribe_events_cat?post=5423"}],"curies":[{"name":"wp","href":"https:\/\/api.w.org\/{rel}","templated":true}]}}

<h1>Ajudes destinades a projectes culturals amb especial impacte social</h1>
<p>Ajudes destinades al finançament de projectes culturals d&#8217;especial impacte social que busquen generar transformacions significatives en la societat a través de la cultura. Podran ser beneficiàries les següents entitats:</p>
<p>&#8211; Les persones jurídiques sense ànim de lucre, de nacionalitat espanyola, de qualsevol Estat membre de la Unió Europea o dels Estats signataris de l&#8217;Acord sobre l&#8217;Espai Econòmic Europeu, amb residència fiscal a Espanya i que es troben legalment constituïdes a la data de finalització del termini de presentació de sol·licituds.<br />
&#8211; Les persones jurídiques amb ànim de lucre, de nacionalitat espanyola, de qualsevol Estat membre de la Unió Europea o dels Estats signataris de l&#8217;Acord sobre l&#8217;Espai Econòmic Europeu, amb residència fiscal a Espanya i que es troben legalment constituïdes a la data de finalització del termini de presentació de sol·licituds.<br />
Queden excloses les persones físiques, encara que estiguen inscrites en el Règim Especial de Treballadors Autònoms, les Administracions Públiques, els seus organismes autònoms i altres ens públics, així com les agrupacions d&#8217;interés econòmic (A.I.E.), les comunitats de béns (C.B.) i les unions temporals d&#8217;empreses (O.T.E.).</p>
<p>TERMINI DE PRESENTACIÓ: 09/06/25</p>
<p>MÉS INFORMACIÓ <a href="https://www.cultura.gob.es/servicios-al-ciudadano/catalogo/becas-ayudas-y-subvenciones/ayudas-y-subvenciones/derechos-culturales/ayudas-proyectos-impacto-social.html" target="_blank" rel="noopener">ací</a>.</p>

<p>Ajudes destinades a projectes culturals amb especial impacte social Ajudes destinades al finançament de projectes culturals d&#8217;especial impacte social que busquen generar transformacions significatives en la societat a través de [&hellip;]</p>
