{"id":5268,"date":"2025-05-13T12:48:41","date_gmt":"2025-05-13T10:48:41","guid":{"rendered":"https:\/\/comiteesceniques.org\/?post_type=tribe_events&#038;p=5268"},"modified":"2025-05-13T12:48:41","modified_gmt":"2025-05-13T10:48:41","slug":"club-de-lectura-comarcal-amb-la-zafirina-3","status":"publish","type":"tribe_events","link":"https:\/\/comiteesceniques.org\/es\/event\/club-de-lectura-comarcal-amb-la-zafirina-3\/","title":{"rendered":"CLUB DE LECTURA COMARCAL, amb La Zafirina"},"content":{"rendered":"<h1>Club de Lectura Comarcal \u00abLecturas para no olvidar(me)\u00bb amb La Zafirina<\/h1>\n<p>22 de maig de 19 h a 21 h a Navajas (Castell\u00f3)<\/p>\n<p>M\u00e9s info sobre La Zafirina <a href=\"https:\/\/www.lazafirina.com\/\" target=\"_blank\" rel=\"noopener\">ac\u00ed<\/a>.<\/p>\n","protected":false},"excerpt":{"rendered":"<p>Club de Lectura Comarcal \u00abLecturas para no olvidar(me)\u00bb amb La Zafirina 22 de maig de 19 h a 21 h a Navajas (Castell\u00f3) M\u00e9s info sobre La Zafirina ac\u00ed.<\/p>\n","protected":false},"author":5,"featured_media":5063,"template":"","meta":{"_acf_changed":false,"_et_pb_use_builder":"","_et_pb_old_content":"","_et_gb_content_width":"","_tribe_events_status":"","_tribe_events_status_reason":"","footnotes":""},"tags":[98,107,458,162,301,253,516,517,104],"tribe_events_cat":[83],"class_list":["post-5268","tribe_events","type-tribe_events","status-publish","has-post-thumbnail","hentry","tag-arts-esceniques","tag-castello","tag-club-de-lectura","tag-comite","tag-esceniques","tag-la-zafirina","tag-navajas","tag-olvidar","tag-teatre","tribe_events_cat-altres","cat_altres"],"acf":[],"_links":{"self":[{"href":"https:\/\/comiteesceniques.org\/es\/wp-json\/wp\/v2\/tribe_events\/5268","targetHints":{"allow":["GET"]}}],"collection":[{"href":"https:\/\/comiteesceniques.org\/es\/wp-json\/wp\/v2\/tribe_events"}],"about":[{"href":"https:\/\/comiteesceniques.org\/es\/wp-json\/wp\/v2\/types\/tribe_events"}],"author":[{"embeddable":true,"href":"https:\/\/comiteesceniques.org\/es\/wp-json\/wp\/v2\/users\/5"}],"version-history":[{"count":1,"href":"https:\/\/comiteesceniques.org\/es\/wp-json\/wp\/v2\/tribe_events\/5268\/revisions"}],"predecessor-version":[{"id":5269,"href":"https:\/\/comiteesceniques.org\/es\/wp-json\/wp\/v2\/tribe_events\/5268\/revisions\/5269"}],"wp:featuredmedia":[{"embeddable":true,"href":"https:\/\/comiteesceniques.org\/es\/wp-json\/wp\/v2\/media\/5063"}],"wp:attachment":[{"href":"https:\/\/comiteesceniques.org\/es\/wp-json\/wp\/v2\/media?parent=5268"}],"wp:term":[{"taxonomy":"post_tag","embeddable":true,"href":"https:\/\/comiteesceniques.org\/es\/wp-json\/wp\/v2\/tags?post=5268"},{"taxonomy":"tribe_events_cat","embeddable":true,"href":"https:\/\/comiteesceniques.org\/es\/wp-json\/wp\/v2\/tribe_events_cat?post=5268"}],"curies":[{"name":"wp","href":"https:\/\/api.w.org\/{rel}","templated":true}]}}

<h1>Club de Lectura Comarcal «Lecturas para no olvidar(me)» amb La Zafirina</h1>
<p>22 de maig de 19 h a 21 h a Navajas (Castelló)</p>
<p>Més info sobre La Zafirina <a href="https://www.lazafirina.com/" target="_blank" rel="noopener">ací</a>.</p>

<p>Club de Lectura Comarcal «Lecturas para no olvidar(me)» amb La Zafirina 22 de maig de 19 h a 21 h a Navajas (Castelló) Més info sobre La Zafirina ací.</p>
