{"id":5155,"date":"2025-05-06T10:50:33","date_gmt":"2025-05-06T08:50:33","guid":{"rendered":"https:\/\/comiteesceniques.org\/?post_type=tribe_events&#038;p=5155"},"modified":"2025-05-06T10:50:54","modified_gmt":"2025-05-06T08:50:54","slug":"convocatoria-per-a-la-programacio-2026-de-teatro-circulo","status":"publish","type":"tribe_events","link":"https:\/\/comiteesceniques.org\/es\/event\/convocatoria-per-a-la-programacio-2026-de-teatro-circulo\/","title":{"rendered":"Convocat\u00f2ria per a la programaci\u00f3 2026 de Teatro C\u00edrculo"},"content":{"rendered":"<div>\n<div><i>Des del Teatre C\u00edrculo obren convocat\u00f2ria per a projectes esc\u00e8nics que vulguen formar part de la seua programaci\u00f3 de 2026. Si tens entre mans una proposta de dansa, teatre, circ o qualsevol altra disciplina esc\u00e8nica, pots enviar<\/i><i>\u00a0el teu dossier, idees pr\u00e8vies o el que tingues a\u00a0<\/i><i><strong><a href=\"mailto:convocatoriasteatrocirculo@gmail.com\" target=\"_blank\" rel=\"noopener\">convocatoriasteatrocirculo@<wbr \/>gmail.com<\/a><\/strong><\/i><\/div>\n<div><i>Convocat\u00f2ria oberta fins a l\u2019<strong>11 de maig a les 23:59 h<\/strong>.\u00a0<\/i><i>Estudiaran cada proposta amb la voluntat d\u2019explorar la millor manera d\u2019incloure-la dins dels seus cicles (poesia esc\u00e8nica, noves dramaturgies, peces breus, matinals familiars, c\u00edrculo en moviment, entre altres).<\/i><\/div>\n<\/div>\n<div>TERMINI DE PRESENTACI\u00d3: 11\/05\/25<\/div>\n<div>M\u00c9S INFORMACI\u00d3:\u00a0<a href=\"https:\/\/teatrocirculo.com\/es\/inicio\/\" target=\"_blank\" rel=\"noopener\" data-saferedirecturl=\"https:\/\/www.google.com\/url?q=https:\/\/teatrocirculo.com\/es\/inicio\/&amp;source=gmail&amp;ust=1746269367179000&amp;usg=AOvVaw25b-mNiEiUaASfzDTMbtk5\">https:\/\/<wbr \/>teatrocirculo.com\/es\/inicio\/<\/a><\/div>\n<div><\/div>\n","protected":false},"excerpt":{"rendered":"<p>Des del Teatre C\u00edrculo obren convocat\u00f2ria per a projectes esc\u00e8nics que vulguen formar part de la seua programaci\u00f3 de 2026. Si tens entre mans una proposta de dansa, teatre, circ [&hellip;]<\/p>\n","protected":false},"author":5,"featured_media":5156,"template":"","meta":{"_acf_changed":false,"_et_pb_use_builder":"","_et_pb_old_content":"","_et_gb_content_width":"","_tribe_events_status":"","_tribe_events_status_reason":"","footnotes":""},"tags":[],"tribe_events_cat":[81],"class_list":["post-5155","tribe_events","type-tribe_events","status-publish","has-post-thumbnail","hentry","tribe_events_cat-convocatories","cat_convocatories"],"acf":[],"_links":{"self":[{"href":"https:\/\/comiteesceniques.org\/es\/wp-json\/wp\/v2\/tribe_events\/5155","targetHints":{"allow":["GET"]}}],"collection":[{"href":"https:\/\/comiteesceniques.org\/es\/wp-json\/wp\/v2\/tribe_events"}],"about":[{"href":"https:\/\/comiteesceniques.org\/es\/wp-json\/wp\/v2\/types\/tribe_events"}],"author":[{"embeddable":true,"href":"https:\/\/comiteesceniques.org\/es\/wp-json\/wp\/v2\/users\/5"}],"version-history":[{"count":1,"href":"https:\/\/comiteesceniques.org\/es\/wp-json\/wp\/v2\/tribe_events\/5155\/revisions"}],"predecessor-version":[{"id":5158,"href":"https:\/\/comiteesceniques.org\/es\/wp-json\/wp\/v2\/tribe_events\/5155\/revisions\/5158"}],"wp:featuredmedia":[{"embeddable":true,"href":"https:\/\/comiteesceniques.org\/es\/wp-json\/wp\/v2\/media\/5156"}],"wp:attachment":[{"href":"https:\/\/comiteesceniques.org\/es\/wp-json\/wp\/v2\/media?parent=5155"}],"wp:term":[{"taxonomy":"post_tag","embeddable":true,"href":"https:\/\/comiteesceniques.org\/es\/wp-json\/wp\/v2\/tags?post=5155"},{"taxonomy":"tribe_events_cat","embeddable":true,"href":"https:\/\/comiteesceniques.org\/es\/wp-json\/wp\/v2\/tribe_events_cat?post=5155"}],"curies":[{"name":"wp","href":"https:\/\/api.w.org\/{rel}","templated":true}]}}

Convocatòria per a la programació 2026 de Teatro Círculo

<div>
<div><i>Des del Teatre Círculo obren convocatòria per a projectes escènics que vulguen formar part de la seua programació de 2026. Si tens entre mans una proposta de dansa, teatre, circ o qualsevol altra disciplina escènica, pots enviar</i><i> el teu dossier, idees prèvies o el que tingues a </i><i><strong><a href="mailto:convocatoriasteatrocirculo@gmail.com" target="_blank" rel="noopener">convocatoriasteatrocirculo@<wbr />gmail.com</a></strong></i></div>
<div><i>Convocatòria oberta fins a l’<strong>11 de maig a les 23:59 h</strong>. </i><i>Estudiaran cada proposta amb la voluntat d’explorar la millor manera d’incloure-la dins dels seus cicles (poesia escènica, noves dramaturgies, peces breus, matinals familiars, círculo en moviment, entre altres).</i></div>
</div>
<div>TERMINI DE PRESENTACIÓ: 11/05/25</div>
<div>MÉS INFORMACIÓ: <a href="https://teatrocirculo.com/es/inicio/" target="_blank" rel="noopener" data-saferedirecturl="https://www.google.com/url?q=https://teatrocirculo.com/es/inicio/&amp;source=gmail&amp;ust=1746269367179000&amp;usg=AOvVaw25b-mNiEiUaASfzDTMbtk5">https://<wbr />teatrocirculo.com/es/inicio/</a></div>
<div></div>

<p>Des del Teatre Círculo obren convocatòria per a projectes escènics que vulguen formar part de la seua programació de 2026. Si tens entre mans una proposta de dansa, teatre, circ [&hellip;]</p>
