{"id":5053,"date":"2025-04-01T12:03:21","date_gmt":"2025-04-01T10:03:21","guid":{"rendered":"https:\/\/comiteesceniques.org\/?post_type=tribe_events&#038;p=5053"},"modified":"2025-04-01T12:03:21","modified_gmt":"2025-04-01T10:03:21","slug":"teatre-i-animacio-sociocultural-juvenil-eines-per-a-la-inclusio-i-la-transformacio-social-amb-fernando-tebar","status":"publish","type":"tribe_events","link":"https:\/\/comiteesceniques.org\/es\/event\/teatre-i-animacio-sociocultural-juvenil-eines-per-a-la-inclusio-i-la-transformacio-social-amb-fernando-tebar\/","title":{"rendered":"Teatre i Animaci\u00f3 Sociocultural Juvenil: Eines per a la Inclusi\u00f3 i la Transformaci\u00f3 Social, amb Fernando T\u00e9bar"},"content":{"rendered":"<h1>Teatre i Animaci\u00f3 Sociocultural Juvenil: Eines per a la Inclusi\u00f3 i la Transformaci\u00f3 Social, amb Fernando T\u00e9bar<\/h1>\n<p>Del 9 d&#8217;abril al 28 de maig. Dimecres de 17h a 20:30h<\/p>\n<p>Octubre Centre de Cultura Contempor\u00e0nia<\/p>\n","protected":false},"excerpt":{"rendered":"<p>Teatre i Animaci\u00f3 Sociocultural Juvenil: Eines per a la Inclusi\u00f3 i la Transformaci\u00f3 Social, amb Fernando T\u00e9bar Del 9 d&#8217;abril al 28 de maig. Dimecres de 17h a 20:30h Octubre [&hellip;]<\/p>\n","protected":false},"author":5,"featured_media":5054,"template":"","meta":{"_acf_changed":false,"_et_pb_use_builder":"","_et_pb_old_content":"","_et_gb_content_width":"","_tribe_events_status":"","_tribe_events_status_reason":"","footnotes":""},"tags":[453,454,136,317,457,455,140,104,456,113],"tribe_events_cat":[80],"class_list":["post-5053","tribe_events","type-tribe_events","status-publish","has-post-thumbnail","hentry","tag-animacio-sociocultural","tag-fernando-tebar","tag-formacio","tag-inclusio","tag-juvenil","tag-octubre","tag-taller","tag-teatre","tag-transformacio","tag-valencia","tribe_events_cat-formacio","cat_formacio"],"acf":[],"_links":{"self":[{"href":"https:\/\/comiteesceniques.org\/es\/wp-json\/wp\/v2\/tribe_events\/5053","targetHints":{"allow":["GET"]}}],"collection":[{"href":"https:\/\/comiteesceniques.org\/es\/wp-json\/wp\/v2\/tribe_events"}],"about":[{"href":"https:\/\/comiteesceniques.org\/es\/wp-json\/wp\/v2\/types\/tribe_events"}],"author":[{"embeddable":true,"href":"https:\/\/comiteesceniques.org\/es\/wp-json\/wp\/v2\/users\/5"}],"version-history":[{"count":1,"href":"https:\/\/comiteesceniques.org\/es\/wp-json\/wp\/v2\/tribe_events\/5053\/revisions"}],"predecessor-version":[{"id":5056,"href":"https:\/\/comiteesceniques.org\/es\/wp-json\/wp\/v2\/tribe_events\/5053\/revisions\/5056"}],"wp:featuredmedia":[{"embeddable":true,"href":"https:\/\/comiteesceniques.org\/es\/wp-json\/wp\/v2\/media\/5054"}],"wp:attachment":[{"href":"https:\/\/comiteesceniques.org\/es\/wp-json\/wp\/v2\/media?parent=5053"}],"wp:term":[{"taxonomy":"post_tag","embeddable":true,"href":"https:\/\/comiteesceniques.org\/es\/wp-json\/wp\/v2\/tags?post=5053"},{"taxonomy":"tribe_events_cat","embeddable":true,"href":"https:\/\/comiteesceniques.org\/es\/wp-json\/wp\/v2\/tribe_events_cat?post=5053"}],"curies":[{"name":"wp","href":"https:\/\/api.w.org\/{rel}","templated":true}]}}

Teatre i Animació Sociocultural Juvenil: Eines per a la Inclusió i la Transformació Social, amb Fernando Tébar

<h1>Teatre i Animació Sociocultural Juvenil: Eines per a la Inclusió i la Transformació Social, amb Fernando Tébar</h1>
<p>Del 9 d&#8217;abril al 28 de maig. Dimecres de 17h a 20:30h</p>
<p>Octubre Centre de Cultura Contemporània</p>

<p>Teatre i Animació Sociocultural Juvenil: Eines per a la Inclusió i la Transformació Social, amb Fernando Tébar Del 9 d&#8217;abril al 28 de maig. Dimecres de 17h a 20:30h Octubre [&hellip;]</p>
