{"id":5026,"date":"2025-03-24T10:15:08","date_gmt":"2025-03-24T09:15:08","guid":{"rendered":"https:\/\/comiteesceniques.org\/?post_type=tribe_events&#038;p=5026"},"modified":"2025-03-24T10:15:08","modified_gmt":"2025-03-24T09:15:08","slug":"la-hoguera-dalberto-angel-escarti-i-xavier-gimenez-2","status":"publish","type":"tribe_events","link":"https:\/\/comiteesceniques.org\/es\/event\/la-hoguera-dalberto-angel-escarti-i-xavier-gimenez-2\/","title":{"rendered":"LA HOGUERA, d&#8217;Alberto \u00c1ngel Escart\u00ed i Xavier Gim\u00e9nez"},"content":{"rendered":"<h1>LA HOGUERA, d&#8217;Alberto \u00c1ngel Escart\u00ed i Xavier Gim\u00e9nez<\/h1>\n<p>4 d&#8217;abril a les 20 h + 5 i 6 d&#8217;abril a les 18 h<\/p>\n<p>Artea Lab (Val\u00e8ncia)<\/p>\n<p>V\u00eddeo promocional <a href=\"https:\/\/www.youtube.com\/watch?v=wV2B-mdtLE4\" target=\"_blank\" rel=\"noopener\">ac\u00ed<\/a>.<\/p>\n<p>Info i reserves <a href=\"https:\/\/pasenyvean.com\/events\/la-hoguera-valencia\" target=\"_blank\" rel=\"noopener\">ac\u00ed<\/a>.<\/p>\n","protected":false},"excerpt":{"rendered":"<p>LA HOGUERA, d&#8217;Alberto \u00c1ngel Escart\u00ed i Xavier Gim\u00e9nez 4 d&#8217;abril a les 20 h + 5 i 6 d&#8217;abril a les 18 h Artea Lab (Val\u00e8ncia) V\u00eddeo promocional ac\u00ed. Info [&hellip;]<\/p>\n","protected":false},"author":5,"featured_media":5023,"template":"","meta":{"_acf_changed":false,"_et_pb_use_builder":"","_et_pb_old_content":"","_et_gb_content_width":"","_tribe_events_status":"","_tribe_events_status_reason":"","footnotes":""},"tags":[450,396,98,162,347,449,104,113,451],"tribe_events_cat":[82],"class_list":["post-5026","tribe_events","type-tribe_events","status-publish","has-post-thumbnail","hentry","tag-alberto-escarti","tag-artea-lab","tag-arts-esceniques","tag-comite","tag-comite-esceniques","tag-la-hoguera","tag-teatre","tag-valencia","tag-xavier-gimenez","tribe_events_cat-espectacles","cat_espectacles"],"acf":[],"_links":{"self":[{"href":"https:\/\/comiteesceniques.org\/es\/wp-json\/wp\/v2\/tribe_events\/5026","targetHints":{"allow":["GET"]}}],"collection":[{"href":"https:\/\/comiteesceniques.org\/es\/wp-json\/wp\/v2\/tribe_events"}],"about":[{"href":"https:\/\/comiteesceniques.org\/es\/wp-json\/wp\/v2\/types\/tribe_events"}],"author":[{"embeddable":true,"href":"https:\/\/comiteesceniques.org\/es\/wp-json\/wp\/v2\/users\/5"}],"version-history":[{"count":1,"href":"https:\/\/comiteesceniques.org\/es\/wp-json\/wp\/v2\/tribe_events\/5026\/revisions"}],"predecessor-version":[{"id":5027,"href":"https:\/\/comiteesceniques.org\/es\/wp-json\/wp\/v2\/tribe_events\/5026\/revisions\/5027"}],"wp:featuredmedia":[{"embeddable":true,"href":"https:\/\/comiteesceniques.org\/es\/wp-json\/wp\/v2\/media\/5023"}],"wp:attachment":[{"href":"https:\/\/comiteesceniques.org\/es\/wp-json\/wp\/v2\/media?parent=5026"}],"wp:term":[{"taxonomy":"post_tag","embeddable":true,"href":"https:\/\/comiteesceniques.org\/es\/wp-json\/wp\/v2\/tags?post=5026"},{"taxonomy":"tribe_events_cat","embeddable":true,"href":"https:\/\/comiteesceniques.org\/es\/wp-json\/wp\/v2\/tribe_events_cat?post=5026"}],"curies":[{"name":"wp","href":"https:\/\/api.w.org\/{rel}","templated":true}]}}

LA HOGUERA, d&#8217;Alberto Ángel Escartí i Xavier Giménez

<h1>LA HOGUERA, d&#8217;Alberto Ángel Escartí i Xavier Giménez</h1>
<p>4 d&#8217;abril a les 20 h + 5 i 6 d&#8217;abril a les 18 h</p>
<p>Artea Lab (València)</p>
<p>Vídeo promocional <a href="https://www.youtube.com/watch?v=wV2B-mdtLE4" target="_blank" rel="noopener">ací</a>.</p>
<p>Info i reserves <a href="https://pasenyvean.com/events/la-hoguera-valencia" target="_blank" rel="noopener">ací</a>.</p>

<p>LA HOGUERA, d&#8217;Alberto Ángel Escartí i Xavier Giménez 4 d&#8217;abril a les 20 h + 5 i 6 d&#8217;abril a les 18 h Artea Lab (València) Vídeo promocional ací. Info [&hellip;]</p>
