{"id":4568,"date":"2025-01-28T08:50:14","date_gmt":"2025-01-28T07:50:14","guid":{"rendered":"https:\/\/comiteesceniques.org\/?post_type=tribe_events&#038;p=4568"},"modified":"2025-01-28T08:50:14","modified_gmt":"2025-01-28T07:50:14","slug":"esto-ya-no-es-el-banquete-de-platon-roto-3","status":"publish","type":"tribe_events","link":"https:\/\/comiteesceniques.org\/es\/event\/esto-ya-no-es-el-banquete-de-platon-roto-3\/","title":{"rendered":"ESTO YA NO ES EL BANQUETE, de Plat\u00f3n Roto"},"content":{"rendered":"<p>ESTO YA NO ES EL BANQUETE, de la companyia PLAT\u00d3N ROTO (AURORA GARC\u00cdA AGUD)<br \/>\n7 I 14 DE FEBRER DE 2025 A LES 20 H + 8, 9, 15 I 16 DE FEBRER A LES 18 H<br \/>\nARTEA LAB (Val\u00e8ncia).<br \/>\nInfo i entrades <a href=\"https:\/\/www.arteateatro.es\/no-banquete\" target=\"_blank\" rel=\"noopener\">ac\u00ed<\/a><br \/>\nV\u00eddeo promocional <a href=\"https:\/\/linktr.ee\/platonroto?fbclid=PAZXh0bgNhZW0CMTEAAaZbLZ8hoskNt9eUD6MrpT1Upzh2sKFxcfGm8ddI8QYsEk4YzLaN37bYffA_aem_bhhq9VJ-WcHKCVWFRzfbVw\" target=\"_blank\" rel=\"noopener\">ac\u00ed<\/a><\/p>\n","protected":false},"excerpt":{"rendered":"<p>ESTO YA NO ES EL BANQUETE, de la companyia PLAT\u00d3N ROTO (AURORA GARC\u00cdA AGUD) 7 I 14 DE FEBRER DE 2025 A LES 20 H + 8, 9, 15 I [&hellip;]<\/p>\n","protected":false},"author":5,"featured_media":4563,"template":"","meta":{"_acf_changed":false,"_et_pb_use_builder":"","_et_pb_old_content":"","_et_gb_content_width":"","_tribe_events_status":"","_tribe_events_status_reason":"","footnotes":""},"tags":[396,98,395,162,301,393,394,104,123,113],"tribe_events_cat":[82],"class_list":["post-4568","tribe_events","type-tribe_events","status-publish","has-post-thumbnail","hentry","tag-artea-lab","tag-arts-esceniques","tag-aurora-garcia-agud","tag-comite","tag-esceniques","tag-esto-ya-no-es-el-banquete","tag-platon-roto","tag-teatre","tag-teatro","tag-valencia","tribe_events_cat-espectacles","cat_espectacles"],"acf":[],"_links":{"self":[{"href":"https:\/\/comiteesceniques.org\/es\/wp-json\/wp\/v2\/tribe_events\/4568","targetHints":{"allow":["GET"]}}],"collection":[{"href":"https:\/\/comiteesceniques.org\/es\/wp-json\/wp\/v2\/tribe_events"}],"about":[{"href":"https:\/\/comiteesceniques.org\/es\/wp-json\/wp\/v2\/types\/tribe_events"}],"author":[{"embeddable":true,"href":"https:\/\/comiteesceniques.org\/es\/wp-json\/wp\/v2\/users\/5"}],"version-history":[{"count":1,"href":"https:\/\/comiteesceniques.org\/es\/wp-json\/wp\/v2\/tribe_events\/4568\/revisions"}],"predecessor-version":[{"id":4569,"href":"https:\/\/comiteesceniques.org\/es\/wp-json\/wp\/v2\/tribe_events\/4568\/revisions\/4569"}],"wp:featuredmedia":[{"embeddable":true,"href":"https:\/\/comiteesceniques.org\/es\/wp-json\/wp\/v2\/media\/4563"}],"wp:attachment":[{"href":"https:\/\/comiteesceniques.org\/es\/wp-json\/wp\/v2\/media?parent=4568"}],"wp:term":[{"taxonomy":"post_tag","embeddable":true,"href":"https:\/\/comiteesceniques.org\/es\/wp-json\/wp\/v2\/tags?post=4568"},{"taxonomy":"tribe_events_cat","embeddable":true,"href":"https:\/\/comiteesceniques.org\/es\/wp-json\/wp\/v2\/tribe_events_cat?post=4568"}],"curies":[{"name":"wp","href":"https:\/\/api.w.org\/{rel}","templated":true}]}}

ESTO YA NO ES EL BANQUETE, de Platón Roto

<p>ESTO YA NO ES EL BANQUETE, de la companyia PLATÓN ROTO (AURORA GARCÍA AGUD)<br />
7 I 14 DE FEBRER DE 2025 A LES 20 H + 8, 9, 15 I 16 DE FEBRER A LES 18 H<br />
ARTEA LAB (València).<br />
Info i entrades <a href="https://www.arteateatro.es/no-banquete" target="_blank" rel="noopener">ací</a><br />
Vídeo promocional <a href="https://linktr.ee/platonroto?fbclid=PAZXh0bgNhZW0CMTEAAaZbLZ8hoskNt9eUD6MrpT1Upzh2sKFxcfGm8ddI8QYsEk4YzLaN37bYffA_aem_bhhq9VJ-WcHKCVWFRzfbVw" target="_blank" rel="noopener">ací</a></p>

<p>ESTO YA NO ES EL BANQUETE, de la companyia PLATÓN ROTO (AURORA GARCÍA AGUD) 7 I 14 DE FEBRER DE 2025 A LES 20 H + 8, 9, 15 I [&hellip;]</p>
