{"id":4463,"date":"2024-12-30T12:26:15","date_gmt":"2024-12-30T11:26:15","guid":{"rendered":"https:\/\/comiteesceniques.org\/?post_type=tribe_events&#038;p=4463"},"modified":"2024-12-30T12:26:15","modified_gmt":"2024-12-30T11:26:15","slug":"la-sequencia-de-triangle-teatre-3","status":"publish","type":"tribe_events","link":"https:\/\/comiteesceniques.org\/es\/event\/la-sequencia-de-triangle-teatre-3\/","title":{"rendered":"LA SEQ\u00dc\u00c8NCIA, de Triangle Teatre"},"content":{"rendered":"<h1>LA SEQ\u00dc\u00c8NCIA, de Triangle Teatre<\/h1>\n<h3>23, 24 i 25 de gener a les 19&#8217;30h<\/h3>\n<p>Teatre El Musical TEM<\/p>\n<p>Info i reserves <a href=\"https:\/\/www.notikumi.com\/channel\/teatre-el-musical\/2025\/1\/23\/la-sequencia-triangle-teatre-borja-lopez-collado-francesc-cuellar\" target=\"_blank\" rel=\"noopener\">ac\u00ed<\/a><\/p>\n<p>&nbsp;<\/p>\n","protected":false},"excerpt":{"rendered":"<p>LA SEQ\u00dc\u00c8NCIA, de Triangle Teatre 23, 24 i 25 de gener a les 19&#8217;30h Teatre El Musical TEM Info i reserves ac\u00ed &nbsp;<\/p>\n","protected":false},"author":5,"featured_media":4457,"template":"","meta":{"_acf_changed":false,"_et_pb_use_builder":"","_et_pb_old_content":"","_et_gb_content_width":"","_tribe_events_status":"","_tribe_events_status_reason":"","footnotes":""},"tags":[98,137,347,372,104,373,138,113],"tribe_events_cat":[82],"class_list":["post-4463","tribe_events","type-tribe_events","status-publish","has-post-thumbnail","hentry","tag-arts-esceniques","tag-borja-lopez-collado","tag-comite-esceniques","tag-la-sequencia","tag-teatre","tag-tem","tag-triangle-teatre","tag-valencia","tribe_events_cat-espectacles","cat_espectacles"],"acf":[],"_links":{"self":[{"href":"https:\/\/comiteesceniques.org\/es\/wp-json\/wp\/v2\/tribe_events\/4463","targetHints":{"allow":["GET"]}}],"collection":[{"href":"https:\/\/comiteesceniques.org\/es\/wp-json\/wp\/v2\/tribe_events"}],"about":[{"href":"https:\/\/comiteesceniques.org\/es\/wp-json\/wp\/v2\/types\/tribe_events"}],"author":[{"embeddable":true,"href":"https:\/\/comiteesceniques.org\/es\/wp-json\/wp\/v2\/users\/5"}],"version-history":[{"count":2,"href":"https:\/\/comiteesceniques.org\/es\/wp-json\/wp\/v2\/tribe_events\/4463\/revisions"}],"predecessor-version":[{"id":4465,"href":"https:\/\/comiteesceniques.org\/es\/wp-json\/wp\/v2\/tribe_events\/4463\/revisions\/4465"}],"wp:featuredmedia":[{"embeddable":true,"href":"https:\/\/comiteesceniques.org\/es\/wp-json\/wp\/v2\/media\/4457"}],"wp:attachment":[{"href":"https:\/\/comiteesceniques.org\/es\/wp-json\/wp\/v2\/media?parent=4463"}],"wp:term":[{"taxonomy":"post_tag","embeddable":true,"href":"https:\/\/comiteesceniques.org\/es\/wp-json\/wp\/v2\/tags?post=4463"},{"taxonomy":"tribe_events_cat","embeddable":true,"href":"https:\/\/comiteesceniques.org\/es\/wp-json\/wp\/v2\/tribe_events_cat?post=4463"}],"curies":[{"name":"wp","href":"https:\/\/api.w.org\/{rel}","templated":true}]}}

LA SEQÜÈNCIA, de Triangle Teatre

<h1>LA SEQÜÈNCIA, de Triangle Teatre</h1>
<h3>23, 24 i 25 de gener a les 19&#8217;30h</h3>
<p>Teatre El Musical TEM</p>
<p>Info i reserves <a href="https://www.notikumi.com/channel/teatre-el-musical/2025/1/23/la-sequencia-triangle-teatre-borja-lopez-collado-francesc-cuellar" target="_blank" rel="noopener">ací</a></p>
<p>&nbsp;</p>

<p>LA SEQÜÈNCIA, de Triangle Teatre 23, 24 i 25 de gener a les 19&#8217;30h Teatre El Musical TEM Info i reserves ací &nbsp;</p>
