{"id":4248,"date":"2024-11-14T16:45:26","date_gmt":"2024-11-14T15:45:26","guid":{"rendered":"https:\/\/comiteesceniques.org\/?post_type=tribe_events&#038;p=4248"},"modified":"2024-11-14T16:45:26","modified_gmt":"2024-11-14T15:45:26","slug":"convocatoria-propostes-artistiques-xalar-a-lalt-maestrat-iii-festival-darts-esceniques-participat-per-gent-jove","status":"publish","type":"tribe_events","link":"https:\/\/comiteesceniques.org\/es\/event\/convocatoria-propostes-artistiques-xalar-a-lalt-maestrat-iii-festival-darts-esceniques-participat-per-gent-jove\/","title":{"rendered":"Convocat\u00f2ria Propostes art\u00edstiques Xalar a l&#8217;Alt Maestrat &#8211; III Festival d&#8217;arts esc\u00e8niques participat per gent jove"},"content":{"rendered":"<div dir=\"auto\">\n<h1><b><span style=\"font-size: large;\">Convocat\u00f2ria Propostes art\u00edstiques Xalar a l&#8217;Alt Maestrat &#8211; III Festival d&#8217;arts esc\u00e8niques participat per gent jove<\/span><\/b><\/h1>\n<\/div>\n<div dir=\"auto\">\n<p dir=\"auto\">Est\u00e0 oberta la convocat\u00f2ria d&#8217;espectacles per al III Festival Xalar a l&#8217;Alt Maestrat, &#8211; Festival d&#8217;arts esc\u00e8niques participat per gent jove, que es celebrar\u00e0 el 9, 10 i 11 de maig de 2025 a l&#8217;Alt Maestrat (interior de Castell\u00f3)<\/p>\n<p dir=\"auto\">Aquest festival acull tota classe de llenguatges esc\u00e8nics (dansa, teatre, circ, m\u00e0gia, stand-up comedy, arts de carrer, performance..) amb la limitaci\u00f3 del fet que no tenim una caixa negra i les necessitats t\u00e8cniques s\u00f3n\u00a0 limitades.<\/p>\n<p dir=\"auto\">La particularitat, fonamental d&#8217;aquest festival \u00e9s que l&#8217;equip de programaci\u00f3 s\u00f3n joves de la comarca.<\/p>\n<p dir=\"auto\"><span style=\"color: #000000;\">Ac\u00ed teniu les <a href=\"https:\/\/www.festivalxalar.com\/_files\/ugd\/3707c7_e0e7c6590d454db2b9170f9d9e716e24.pdf\" target=\"_blank\" rel=\"noopener\">bases<\/a> i<\/span>\u00a0el <a href=\"https:\/\/docs.google.com\/forms\/d\/e\/1FAIpQLSe77Y73IlTm8xtFgiH4_OvQp1ffhLrl65jAkuyF60yI7VrzAg\/viewform\" target=\"_blank\" rel=\"noopener\">formulari d&#8217;inscripci\u00f3<\/a>.<\/p>\n<p dir=\"auto\">Cualquier duda estamos a vuestra disposici\u00f3n:\u00a0<a href=\"mailto:xalarfestival@gmail.com\" target=\"_blank\" rel=\"noopener\">xalarfestival@gmail.com<\/a><\/p>\n<blockquote>\n<p dir=\"auto\">Termini obert fins el 24 de novembre<\/p>\n<\/blockquote>\n<\/div>\n","protected":false},"excerpt":{"rendered":"<p>Convocat\u00f2ria Propostes art\u00edstiques Xalar a l&#8217;Alt Maestrat &#8211; III Festival d&#8217;arts esc\u00e8niques participat per gent jove Est\u00e0 oberta la convocat\u00f2ria d&#8217;espectacles per al III Festival Xalar a l&#8217;Alt Maestrat, &#8211; [&hellip;]<\/p>\n","protected":false},"author":5,"featured_media":4249,"template":"","meta":{"_acf_changed":false,"_et_pb_use_builder":"","_et_pb_old_content":"","_et_gb_content_width":"","_tribe_events_status":"","_tribe_events_status_reason":"","footnotes":""},"tags":[295,98,232,107,149,162,119,121,186,292,134,294,104,293],"tribe_events_cat":[81],"class_list":["post-4248","tribe_events","type-tribe_events","status-publish","has-post-thumbnail","hentry","tag-alt-maestrat","tag-arts-esceniques","tag-arts-vives","tag-castello","tag-circ","tag-comite","tag-convocatoria","tag-dansa","tag-festival","tag-festival-xalar","tag-joves","tag-plataforma-escenica","tag-teatre","tag-xalar","tribe_events_cat-convocatories","cat_convocatories"],"acf":[],"_links":{"self":[{"href":"https:\/\/comiteesceniques.org\/es\/wp-json\/wp\/v2\/tribe_events\/4248","targetHints":{"allow":["GET"]}}],"collection":[{"href":"https:\/\/comiteesceniques.org\/es\/wp-json\/wp\/v2\/tribe_events"}],"about":[{"href":"https:\/\/comiteesceniques.org\/es\/wp-json\/wp\/v2\/types\/tribe_events"}],"author":[{"embeddable":true,"href":"https:\/\/comiteesceniques.org\/es\/wp-json\/wp\/v2\/users\/5"}],"version-history":[{"count":2,"href":"https:\/\/comiteesceniques.org\/es\/wp-json\/wp\/v2\/tribe_events\/4248\/revisions"}],"predecessor-version":[{"id":4254,"href":"https:\/\/comiteesceniques.org\/es\/wp-json\/wp\/v2\/tribe_events\/4248\/revisions\/4254"}],"wp:featuredmedia":[{"embeddable":true,"href":"https:\/\/comiteesceniques.org\/es\/wp-json\/wp\/v2\/media\/4249"}],"wp:attachment":[{"href":"https:\/\/comiteesceniques.org\/es\/wp-json\/wp\/v2\/media?parent=4248"}],"wp:term":[{"taxonomy":"post_tag","embeddable":true,"href":"https:\/\/comiteesceniques.org\/es\/wp-json\/wp\/v2\/tags?post=4248"},{"taxonomy":"tribe_events_cat","embeddable":true,"href":"https:\/\/comiteesceniques.org\/es\/wp-json\/wp\/v2\/tribe_events_cat?post=4248"}],"curies":[{"name":"wp","href":"https:\/\/api.w.org\/{rel}","templated":true}]}}

Convocatòria Propostes artístiques Xalar a l&#8217;Alt Maestrat &#8211; III Festival d&#8217;arts escèniques participat per gent jove

<div dir="auto">
<h1><b><span style="font-size: large;">Convocatòria Propostes artístiques Xalar a l&#8217;Alt Maestrat &#8211; III Festival d&#8217;arts escèniques participat per gent jove</span></b></h1>
</div>
<div dir="auto">
<p dir="auto">Està oberta la convocatòria d&#8217;espectacles per al III Festival Xalar a l&#8217;Alt Maestrat, &#8211; Festival d&#8217;arts escèniques participat per gent jove, que es celebrarà el 9, 10 i 11 de maig de 2025 a l&#8217;Alt Maestrat (interior de Castelló)</p>
<p dir="auto">Aquest festival acull tota classe de llenguatges escènics (dansa, teatre, circ, màgia, stand-up comedy, arts de carrer, performance..) amb la limitació del fet que no tenim una caixa negra i les necessitats tècniques són  limitades.</p>
<p dir="auto">La particularitat, fonamental d&#8217;aquest festival és que l&#8217;equip de programació són joves de la comarca.</p>
<p dir="auto"><span style="color: #000000;">Ací teniu les <a href="https://www.festivalxalar.com/_files/ugd/3707c7_e0e7c6590d454db2b9170f9d9e716e24.pdf" target="_blank" rel="noopener">bases</a> i</span> el <a href="https://docs.google.com/forms/d/e/1FAIpQLSe77Y73IlTm8xtFgiH4_OvQp1ffhLrl65jAkuyF60yI7VrzAg/viewform" target="_blank" rel="noopener">formulari d&#8217;inscripció</a>.</p>
<p dir="auto">Cualquier duda estamos a vuestra disposición: <a href="mailto:xalarfestival@gmail.com" target="_blank" rel="noopener">xalarfestival@gmail.com</a></p>
<blockquote>
<p dir="auto">Termini obert fins el 24 de novembre</p>
</blockquote>
</div>

<p>Convocatòria Propostes artístiques Xalar a l&#8217;Alt Maestrat &#8211; III Festival d&#8217;arts escèniques participat per gent jove Està oberta la convocatòria d&#8217;espectacles per al III Festival Xalar a l&#8217;Alt Maestrat, &#8211; [&hellip;]</p>
