{"id":3870,"date":"2024-08-13T12:50:20","date_gmt":"2024-08-13T10:50:20","guid":{"rendered":"https:\/\/comiteesceniques.org\/?post_type=socis&#038;p=3870"},"modified":"2024-08-13T12:50:20","modified_gmt":"2024-08-13T10:50:20","slug":"disparatario","status":"publish","type":"socis","link":"https:\/\/comiteesceniques.org\/es\/socis\/disparatario\/","title":{"rendered":"DISPARATARIO"},"content":{"rendered":"<p><iframe loading=\"lazy\" title=\"Semillas - Compa\u00f1\u00eda Disparatario\" width=\"1080\" height=\"608\" src=\"https:\/\/www.youtube.com\/embed\/FREUbUpVlDk?feature=oembed\"  allow=\"accelerometer; autoplay; clipboard-write; encrypted-media; gyroscope; picture-in-picture; web-share\" referrerpolicy=\"strict-origin-when-cross-origin\" allowfullscreen><\/iframe><\/p>\n<p><iframe loading=\"lazy\" title=\"Alicia en el Pa\u00eds de las Maravillas , el pasacalles - Compa\u00f1\u00eda Disparatario\" width=\"1080\" height=\"608\" src=\"https:\/\/www.youtube.com\/embed\/_GP4MsXCA-c?feature=oembed\"  allow=\"accelerometer; autoplay; clipboard-write; encrypted-media; gyroscope; picture-in-picture; web-share\" referrerpolicy=\"strict-origin-when-cross-origin\" allowfullscreen><\/iframe><\/p>\n","protected":false},"excerpt":{"rendered":"","protected":false},"author":5,"featured_media":3871,"menu_order":0,"comment_status":"closed","ping_status":"closed","template":"","format":"standard","meta":{"_acf_changed":false,"_et_pb_use_builder":"","_et_pb_old_content":"","_et_gb_content_width":"","footnotes":""},"categories":[23,5,20,22,15,19,13,6,12],"provincia":[26],"class_list":["post-3870","socis","type-socis","status-publish","format-standard","has-post-thumbnail","hentry","categories-caracteritzacio-i-vestuari","categories-circ","categories-creacio-descenografia","categories-creacio-despai-sonor","categories-docencia-i-pedagogia","categories-escriptura-i-dramaturgia","categories-infancia-i-joventut","categories-teatre","categories-titelles-i-manipulacio-dobjectes","provincia-valencia"],"acf":[],"_links":{"self":[{"href":"https:\/\/comiteesceniques.org\/es\/wp-json\/wp\/v2\/socis\/3870","targetHints":{"allow":["GET"]}}],"collection":[{"href":"https:\/\/comiteesceniques.org\/es\/wp-json\/wp\/v2\/socis"}],"about":[{"href":"https:\/\/comiteesceniques.org\/es\/wp-json\/wp\/v2\/types\/socis"}],"author":[{"embeddable":true,"href":"https:\/\/comiteesceniques.org\/es\/wp-json\/wp\/v2\/users\/5"}],"replies":[{"embeddable":true,"href":"https:\/\/comiteesceniques.org\/es\/wp-json\/wp\/v2\/comments?post=3870"}],"version-history":[{"count":2,"href":"https:\/\/comiteesceniques.org\/es\/wp-json\/wp\/v2\/socis\/3870\/revisions"}],"predecessor-version":[{"id":3876,"href":"https:\/\/comiteesceniques.org\/es\/wp-json\/wp\/v2\/socis\/3870\/revisions\/3876"}],"wp:featuredmedia":[{"embeddable":true,"href":"https:\/\/comiteesceniques.org\/es\/wp-json\/wp\/v2\/media\/3871"}],"wp:attachment":[{"href":"https:\/\/comiteesceniques.org\/es\/wp-json\/wp\/v2\/media?parent=3870"}],"wp:term":[{"taxonomy":"categories","embeddable":true,"href":"https:\/\/comiteesceniques.org\/es\/wp-json\/wp\/v2\/categories?post=3870"},{"taxonomy":"provincia","embeddable":true,"href":"https:\/\/comiteesceniques.org\/es\/wp-json\/wp\/v2\/provincia?post=3870"}],"curies":[{"name":"wp","href":"https:\/\/api.w.org\/{rel}","templated":true}]}}

<p><iframe loading="lazy" title="Semillas - Compañía Disparatario" width="1080" height="608" src="https://www.youtube.com/embed/FREUbUpVlDk?feature=oembed"  allow="accelerometer; autoplay; clipboard-write; encrypted-media; gyroscope; picture-in-picture; web-share" referrerpolicy="strict-origin-when-cross-origin" allowfullscreen></iframe></p>
<p><iframe loading="lazy" title="Alicia en el País de las Maravillas , el pasacalles - Compañía Disparatario" width="1080" height="608" src="https://www.youtube.com/embed/_GP4MsXCA-c?feature=oembed"  allow="accelerometer; autoplay; clipboard-write; encrypted-media; gyroscope; picture-in-picture; web-share" referrerpolicy="strict-origin-when-cross-origin" allowfullscreen></iframe></p>
